{"id":800,"date":"2025-04-10T17:22:09","date_gmt":"2025-04-10T15:22:09","guid":{"rendered":"https:\/\/dev.asixonline.com\/sincro\/?post_type=proyectos&#038;p=800"},"modified":"2025-10-09T23:07:17","modified_gmt":"2025-10-09T21:07:17","slug":"aeropuerto-capitan-fap-renan-elias-olivera","status":"publish","type":"proyectos","link":"https:\/\/dev.asixonline.com\/sincro\/proyectos\/aeropuerto-capitan-fap-renan-elias-olivera\/","title":{"rendered":"Aeropuerto Capit\u00e1n FAP Ren\u00e1n El\u00edas Olivera"},"content":{"rendered":"","protected":false},"featured_media":1572,"template":"","class_list":["post-800","proyectos","type-proyectos","status-publish","has-post-thumbnail","hentry"],"_links":{"self":[{"href":"https:\/\/dev.asixonline.com\/sincro\/wp-json\/wp\/v2\/proyectos\/800","targetHints":{"allow":["GET"]}}],"collection":[{"href":"https:\/\/dev.asixonline.com\/sincro\/wp-json\/wp\/v2\/proyectos"}],"about":[{"href":"https:\/\/dev.asixonline.com\/sincro\/wp-json\/wp\/v2\/types\/proyectos"}],"version-history":[{"count":7,"href":"https:\/\/dev.asixonline.com\/sincro\/wp-json\/wp\/v2\/proyectos\/800\/revisions"}],"predecessor-version":[{"id":1571,"href":"https:\/\/dev.asixonline.com\/sincro\/wp-json\/wp\/v2\/proyectos\/800\/revisions\/1571"}],"wp:featuredmedia":[{"embeddable":true,"href":"https:\/\/dev.asixonline.com\/sincro\/wp-json\/wp\/v2\/media\/1572"}],"wp:attachment":[{"href":"https:\/\/dev.asixonline.com\/sincro\/wp-json\/wp\/v2\/media?parent=800"}],"curies":[{"name":"wp","href":"https:\/\/api.w.org\/{rel}","templated":true}]}}

Aeropuerto Capitán FAP Renán Elías Olivera
